{"version":"1.0","provider_name":"Deutsch-Deutsches Museum M\u00f6dlareuth","provider_url":"https:\/\/www.moedlareuth.de\/cs","author_name":"Susan Burger","author_url":"https:\/\/www.moedlareuth.de\/cs\/author\/s-burger\/","title":"09.11.2024 - 35 Jahre Mauerfall - Deutsch-Deutsches Museum M\u00f6dlareuth","type":"rich","width":600,"height":338,"html":"<blockquote class=\"wp-embedded-content\" data-secret=\"q2hr6Bjpml\"><a href=\"https:\/\/www.moedlareuth.de\/cs\/09-11-2024-35-jahre-mauerfall\/\">09.11.2024 &#8211; 35 Jahre Mauerfall<\/a><\/blockquote><iframe sandbox=\"allow-scripts\" security=\"restricted\" src=\"https:\/\/www.moedlareuth.de\/cs\/09-11-2024-35-jahre-mauerfall\/embed\/#?secret=q2hr6Bjpml\" width=\"600\" height=\"338\" title=\"&#8222;09.11.2024 &#8211; 35 Jahre Mauerfall&#8220; &#8212; Deutsch-Deutsches Museum M\u00f6dlareuth\" data-secret=\"q2hr6Bjpml\" frameborder=\"0\" marginwidth=\"0\" marginheight=\"0\" scrolling=\"no\" class=\"wp-embedded-content\"><\/iframe><script>\n\/*! This file is auto-generated *\/\n!function(d,l){\"use strict\";l.querySelector&&d.addEventListener&&\"undefined\"!=typeof URL&&(d.wp=d.wp||{},d.wp.receiveEmbedMessage||(d.wp.receiveEmbedMessage=function(e){var t=e.data;if((t||t.secret||t.message||t.value)&&!\/[^a-zA-Z0-9]\/.test(t.secret)){for(var s,r,n,a=l.querySelectorAll('iframe[data-secret=\"'+t.secret+'\"]'),o=l.querySelectorAll('blockquote[data-secret=\"'+t.secret+'\"]'),c=new RegExp(\"^https?:$\",\"i\"),i=0;i<o.length;i++)o[i].style.display=\"none\";for(i=0;i<a.length;i++)s=a[i],e.source===s.contentWindow&&(s.removeAttribute(\"style\"),\"height\"===t.message?(1e3<(r=parseInt(t.value,10))?r=1e3:~~r<200&&(r=200),s.height=r):\"link\"===t.message&&(r=new URL(s.getAttribute(\"src\")),n=new URL(t.value),c.test(n.protocol))&&n.host===r.host&&l.activeElement===s&&(d.top.location.href=t.value))}},d.addEventListener(\"message\",d.wp.receiveEmbedMessage,!1),l.addEventListener(\"DOMContentLoaded\",function(){for(var e,t,s=l.querySelectorAll(\"iframe.wp-embedded-content\"),r=0;r<s.length;r++)(t=(e=s[r]).getAttribute(\"data-secret\"))||(t=Math.random().toString(36).substring(2,12),e.src+=\"#?secret=\"+t,e.setAttribute(\"data-secret\",t)),e.contentWindow.postMessage({message:\"ready\",secret:t},\"*\")},!1)))}(window,document);\n\/\/# sourceURL=https:\/\/www.moedlareuth.de\/wp-includes\/js\/wp-embed.min.js\n<\/script>","thumbnail_url":"https:\/\/www.moedlareuth.de\/wp-content\/uploads\/2015\/11\/MM-12-02-04.jpg","thumbnail_width":5200,"thumbnail_height":3967,"description":"Zur Er\u00f6ffnung der Open-Air-Ausstellung &#8222;Grenz\u00f6ffnungen im Vogtland 1989\/90&#8220; am 09.11.2024 um 16.00 Uhr laden wir Sie herzlich in unser Freigel\u00e4nde ein. Nach dem Sturz der Mauer in Berlin am 09. November 1989 und der \u00d6ffnung der innerdeutschen Grenze nutzen Hunderttausende DDR-B\u00fcrger ihre Reisefreiheit zu einem Besuch in West-Berlin und der Bundesrepublik. Den hupenden Trabant- und..."}

Deutsch-Deutsches Museum Mödlareuth

09.11.2024 - 35 Jahre Mauerfall - Deutsch-Deutsches Museum Mödlareuth

<blockquote class="wp-embedded-content" data-secret="q2hr6Bjpml"><a href="https://www.moedlareuth.de/cs/09-11-2024-35-jahre-mauerfall/">09.11.2024 &#8211; 35 Jahre Mauerfall</a></blockquote><iframe sandbox="allow-scripts" security="restricted" src="https://www.moedlareuth.de/cs/09-11-2024-35-jahre-mauerfall/embed/#?secret=q2hr6Bjpml" width="600" height="338" title="&#8222;09.11.2024 &#8211; 35 Jahre Mauerfall&#8220; &#8212; Deutsch-Deutsches Museum Mödlareuth" data-secret="q2hr6Bjpml" frameborder="0" marginwidth="0" marginheight="0" scrolling="no" class="wp-embedded-content"></iframe><script>
/*! This file is auto-generated */
!function(d,l){"use strict";l.querySelector&&d.addEventListener&&"undefined"!=typeof URL&&(d.wp=d.wp||{},d.wp.receiveEmbedMessage||(d.wp.receiveEmbedMessage=function(e){var t=e.data;if((t||t.secret||t.message||t.value)&&!/[^a-zA-Z0-9]/.test(t.secret)){for(var s,r,n,a=l.querySelectorAll('iframe[data-secret="'+t.secret+'"]'),o=l.querySelectorAll('blockquote[data-secret="'+t.secret+'"]'),c=new RegExp("^https?:$","i"),i=0;i<o.length;i++)o[i].style.display="none";for(i=0;i<a.length;i++)s=a[i],e.source===s.contentWindow&&(s.removeAttribute("style"),"height"===t.message?(1e3<(r=parseInt(t.value,10))?r=1e3:~~r<200&&(r=200),s.height=r):"link"===t.message&&(r=new URL(s.getAttribute("src")),n=new URL(t.value),c.test(n.protocol))&&n.host===r.host&&l.activeElement===s&&(d.top.location.href=t.value))}},d.addEventListener("message",d.wp.receiveEmbedMessage,!1),l.addEventListener("DOMContentLoaded",function(){for(var e,t,s=l.querySelectorAll("iframe.wp-embedded-content"),r=0;r<s.length;r++)(t=(e=s[r]).getAttribute("data-secret"))||(t=Math.random().toString(36).substring(2,12),e.src+="#?secret="+t,e.setAttribute("data-secret",t)),e.contentWindow.postMessage({message:"ready",secret:t},"*")},!1)))}(window,document);
//# sourceURL=https://www.moedlareuth.de/wp-includes/js/wp-embed.min.js
</script>

Zur Eröffnung der Open-Air-Ausstellung &#8222;Grenzöffnungen im Vogtland 1989/90&#8220; am 09.11.2024 um 16.00 Uhr laden wir Sie herzlich in unser Freigelände ein. Nach dem Sturz der Mauer in Berlin am 09. November 1989 und der Öffnung der innerdeutschen Grenze nutzen Hunderttausende DDR-Bürger ihre Reisefreiheit zu einem Besuch in West-Berlin und der Bundesrepublik. Den hupenden Trabant- und...
